 the remainder when 97 is divided by 37?
23
Calculate the remainder when 272 is divided by 55.
52
Calculate the remainder when 3034 is divided by 152.
146
What is the remainder when 219 is divided by 102?
15
Calculate the remainder when 230 is divided by 11.
10
What is the remainder when 482 is divided by 479?
3
Calculate the remainder when 20632 is divided by 268.
264
Calculate the remainder when 432 is divided by 214.
4
Calculate the remainder when 486 is divided by 62.
52
What is the remainder when 955 is divided by 118?
11
Calculate the remainder when 5541 is divided by 126.
123
Calculate the remainder when 113 is divided by 8.
1
Calculate the remainder when 34 is divided by 29.
5
Calculate the remainder when 5764 is divided by 96.
4
Calculate the remainder when 77 is divided by 41.
36
Calculate the remainder when 2397 is divided by 12.
9
Calculate the remainder when 6080 is divided by 79.
76
What is the remainder when 1528 is divided by 283?
113
Calculate the remainder when 232 is divided by 109.
14
What is the remainder when 18 is divided by 18?
0
What is the remainder when 215 is divided by 12?
11
What is the remainder when 1383 is divided by 200?
183
What is the remainder when 256 is divided by 5?
1
What is the remainder when 183 is divided by 52?
27
What is the remainder when 409 is divided by 16?
9
What is the remainder when 201 is divided by 112?
89
Calculate the remainder when 1054 is divided by 11.
9
Calculate the remainder when 228 is divided by 30.
18
What is the remainder when 2346 is divided by 56?
50
What is the remainder when 6837 is divided by 21?
12
What is the remainder when 261 is divided by 131?
130
Calculate the remainder when 212 is divided by 35.
2
Calculate the remainder when 4520 is divided by 71.
47
Calculate the remainder when 325 is divided by 153.
19
What is the remainder when 237 is divided by 16?
13
What is the remainder when 133 is divided by 6?
1
Calculate the remainder when 783 is divided by 157.
155
What is the remainder when 1147 is divided by 144?
139
Calculate the remainder when 165 is divided by 29.
20
Calculate the remainder when 68 is divided by 15.
8
What is the remainder when 669 is divided by 20?
9
Calculate the remainder when 62 is divided by 28.
6
Calculate the remainder when 2166 is divided by 26.
8
Calculate the remainder when 53 is divided by 21.
11
Calculate the remainder when 1027 is divided by 170.
7
Calculate the remainder when 1667 is divided by 186.
179
What is the remainder when 1504 is divided by 499?
7
What is the remainder when 427 is divided by 112?
91
Calculate the remainder when 249 is divided by 18.
15
Calculate the remainder when 184 is divided by 51.
31
What is the remainder when 369 is divided by 133?
103
Calculate the remainder when 2686 is divided by 116.
18
What is the remainder when 660 is divided by 147?
72
What is the remainder when 4520 is divided by 1126?
16
What is the remainder when 1500 is divided by 170?
140
Calculate the remainder when 113 is divided by 45.
23
What is the remainder when 528 is divided by 10?
8
What is the remainder when 2403 is divided by 796?
15
What is the remainder when 2824 is divided by 932?
28
What is the remainder when 964 is divided by 238?
12
What is the remainder when 15197 is divided by 16?
13
What is the remainder when 162 is divided by 29?
17
What is the remainder when 755 is divided by 108?
107
What is the remainder when 12258 is divided by 23?
22
What is the remainder when 148 is divided by 30?
28
What is the remainder when 527 is divided by 23?
21
Calculate the remainder when 43 is divided by 4.
3
Calculate the remainder when 1046 is divided by 23.
11
Calculate the remainder when 2943 is divided by 19.
17
What is the remainder when 140 is divided by 47?
46
What is the remainder when 698 is divided by 5?
3
Calculate the remainder when 26 is divided by 13.
0
What is the remainder when 140 is divided by 26?
10
Calculate the remainder when 25 is divided by 3.
1
Calculate the remainder when 398 is divided by 81.
74
Calculate the remainder when 6731 is divided by 12.
11
Calculate the remainder when 50 is divided by 8.
2
What is the remainder when 56 is divided by 35?
21
Calculate the remainder when 94 is divided by 42.
10
Calculate the remainder when 1268 is divided by 27.
26
Calculate the remainder when 535 is divided by 20.
15
What is the remainder when 75 is divided by 19?
18
What is the remainder when 2421 is divided by 106?
89
Calculate the remainder when 28994 is divided by 44.
42
Calculate the remainder when 3143 is divided by 70.
63
Calculate the remainder when 805 is divided by 79.
15
What is the remainder when 251 is divided by 42?
41
What is the remainder when 662 is divided by 74?
70
What is the remainder when 1014 is divided by 51?
45
Calculate the remainder when 57 is divided by 4.
1
What is the remainder when 11083 is divided by 36?
31
Calculate the remainder when 187 is divided by 57.
16
What is the remainder when 110 is divided by 101?
9
What is the remainder when 427 is divided by 39?
37
Calculate the remainder when 846 is divided by 22.
10
Calculate the remainder when 1543 is divided by 97.
88
Calculate the remainder when 92 is divided by 12.
8
What is the remainder when 261 is divided by 162?
99
Calculate the remainder when 718 is divided by 72.
70
What is the remainder when 114 is divided by 59?
55
What is the remainder when 826 is divided by 17?
10
What is the remainder when 53 is divided by 28?
25
Calculate the remainder when 59 is divided by 58.
1
What is the remainder when 298 is divided by 69?
22
Calculate the remainder when 261 is divided by 75.
36
What is the remainder when 186 is divided by 89?
8
What is the remainder when 191 is divided by 64?
63
Calculate the remainder when 2130 is divided by 11.
7
What is the remainder when 6585 is divided by 39?
33
Calculate the remainder when 1624 is divided by 1617.
7
What is the remainder when 139 is divided by 35?
34
What is the remainder when 15 is divided by 13?
2
Calculate the remainder when 1779 is divided by 27.
24
Calculate the remainder when 40117 is divided by 85.
82
Calculate the remainder when 434 is divided by 97.
46
Calculate the remainder when 417 is divided by 42.
39
What is the remainder when 4088 is divided by 44?
40
Calculate the remainder when 331 is divided by 117.
97
What is the remainder when 334 is divided by 6?
4
Calculate the remainder when 553 is divided by 35.
28
Calculate the remainder when 516 is divided by 62.
20
Calculate the remainder when 34 is divided by 22.
12
What is the remainder when 2793 is divided by 233?
230
Calculate the remainder when 23345 is divided by 26.
23
What is the remainder when 5433 is divided by 13?
12
Calculate the remainder when 599 is divided by 15.
14
What is the remainder when 592 is divided by 7?
4
Calculate the remainder when 251 is divided by 74.
29
What is the remainder when 2849 is divided by 1420?
9
Calculate the remainder when 636 is divided by 199.
39
What is the remainder when 694 is divided by 172?
6
What is the remainder when 785 is divided by 387?
11
What is the remainder when 292 is divided by 81?
49
What is the remainder when 566 is divided by 112?
6
Calculate the remainder when 140 is divided by 47.
46
What is the remainder when 1235 is divided by 57?
38
What is the remainder when 2201 is divided by 19?
16
What is the remainder when 615 is divided by 154?
153
What is the remainder when 894 is divided by 294?
12
Calculate the remainder when 20 is divided by 8.
4
Calculate the remainder when 419 is divided by 47.
43
Calculate the remainder when 146 is divided by 28.
6
Calculate the remainder when 345 is divided by 87.
84
What is the remainder when 128 is divided by 29?
12
What is the remainder when 462 is divided by 256?
206
What is the remainder when 208 is divided by 208?
0
What is the remainder when 68 is divided by 20?
8
Calculate the remainder when 9637 is divided by 357.
355
What is the remainder when 5471 is divided by 546?
11
Calculate the remainder when 854 is divided by 95.
94
Calculate the remainder when 3501 is divided by 29.
21
What is the remainder when 509 is divided by 32?
29
What is the remainder when 397 is divided by 15?
7
Calculate the remainder when 664 is divided by 74.